{"id":223,"date":"2015-07-02T20:02:11","date_gmt":"2015-07-02T17:02:11","guid":{"rendered":"http:\/\/eng.serdarbeji.com\/?page_id=223"},"modified":"2025-10-08T13:42:18","modified_gmt":"2025-10-08T10:42:18","slug":"international-conference-proceedings","status":"publish","type":"page","link":"http:\/\/eng.serdarbeji.com\/?page_id=223","title":{"rendered":"International Conference Proceedings"},"content":{"rendered":"<p><strong>International Conference Proceedings<\/strong><\/p>\n<ol>\n<li>Development and testing of a new body mass index <a href=\"http:\/\/eng.serdarbeji.com\/wp-content\/uploads\/2025\/10\/Beji-Beji-Mutlu-TPJR-25.pdf\">Beji Beji Mutlu TPJR 25<\/a><\/li>\n<li>Wave and current forces on objects in water (K\u0131y\u0131 M\u00fchendisli\u011fi Webinar Series 2021 Presentation) <a href=\"http:\/\/eng.serdarbeji.com\/wp-content\/uploads\/2021\/12\/Beji-KMWS-21.pdf\">Beji KMWS 21<\/a><\/li>\n<li>Applications of a generalized Kadomtsev-Petviashvili type equation for varying water depths\u00a0<a href=\"http:\/\/eng.serdarbeji.com\/wp-content\/uploads\/2018\/07\/Beji-ICNAAM-18.pdf\">Beji ICNAAM 18<\/a><\/li>\n<li>A generalized KdV type equation for uneven depths\u00a0<a href=\"http:\/\/eng.serdarbeji.com\/wp-content\/uploads\/2015\/07\/Beji-ICCE-16.pdf\">Beji ICCE 16<\/a><\/li>\n<li>Rip current fatalities on the Black Sea beaches of Istanbul and effects of winds\u00a0<a href=\"http:\/\/eng.serdarbeji.com\/wp-content\/uploads\/2015\/07\/Barlas-Beji-ICCE-16.pdf\">Barlas Beji ICCE 16<\/a><\/li>\n<li>Time domain comparisons of measured and spectrally simulated breaking waves\u00a0<a href=\"http:\/\/eng.serdarbeji.com\/wp-content\/uploads\/2015\/07\/Ozalp-Beji-ICCE-16.pdf\">Ozalp Beji ICCE 16<\/a><\/li>\n<li>Applications of Rayleigh&#8217;s instability equation\u00a0<a href=\"http:\/\/eng.serdarbeji.com\/wp-content\/uploads\/2015\/07\/Beji-IMA-16.pdf\">Beji IMA 16<\/a><\/li>\n<li>Applications of a depth-integrated wave model\u00a0<a href=\"http:\/\/eng.serdarbeji.com\/wp-content\/uploads\/2015\/07\/Beji-EUROMS-12.pdf\">Beji EUROMS 12<\/a><\/li>\n<li>Water waves generated by moving pressure fields <a href=\"http:\/\/eng.serdarbeji.com\/wp-content\/uploads\/2014\/09\/Bayraktar-Beji-ISOPE-12.pdf\">Bayraktar Beji ISOPE 12<\/a><\/li>\n<li>A new numerical scheme for improved Boussinesq equations with surface pressure <a href=\"http:\/\/eng.serdarbeji.com\/wp-content\/uploads\/2014\/09\/Bayraktar-Beji-IMAM-11.pdf\">Bayraktar Beji IMAM 11<\/a><\/li>\n<li>A 2-D numerical model for linear long wave propagation in boundary-fitted curvilinear grids <a href=\"http:\/\/eng.serdarbeji.com\/wp-content\/uploads\/2014\/09\/Yakan-Akan-Beji-ICMRT-07.pdf\">Yakan Akan Beji ICMRT 07<\/a><\/li>\n<li>Boundary-fitted nonlinear dispersive wave model for applications in geometrically complicated regions <a href=\"http:\/\/eng.serdarbeji.com\/wp-content\/uploads\/2014\/09\/Beji-Barlas-Nadaoka-APAC-03.pdf\">Beji Barlas Nadaoka APAC 03<\/a><\/li>\n<li>New approaches for computing wave growth rate due to shear instabilities <a href=\"http:\/\/eng.serdarbeji.com\/wp-content\/uploads\/2014\/09\/Beji-Nadaoka-APAC-03.pdf\">Beji Nadaoka APAC 03<\/a><\/li>\n<li>A nonlinear dispersive wave model for wave propagation in irregular domains <a href=\"http:\/\/eng.serdarbeji.com\/wp-content\/uploads\/2015\/07\/Beji-Barlas-CMHSC-01.pdf\">Beji Barlas CMHSC 01<\/a><\/li>\n<li>Accurate modeling of orbital velocities near seabed using a nonlinear dispersive wave model <a href=\"http:\/\/eng.serdarbeji.com\/wp-content\/uploads\/2014\/09\/Barlas-Beji-Nadaoka-MSD-00.pdf\">Barlas Beji Nadaoka MSD 00<\/a><\/li>\n<li>A nonlinear dispersive wave model for irregular boundaries <a href=\"http:\/\/eng.serdarbeji.com\/wp-content\/uploads\/2014\/09\/Beji-Barlas-MMA-00.pdf\">Beji Barlas MMA 00<\/a><\/li>\n<li>Variations in nonlinearly evolved nearshore spectra and their significance in the estimation of wave forces <a href=\"http:\/\/eng.serdarbeji.com\/wp-content\/uploads\/2014\/09\/Beji-Nadaoka-ICCE-98.pdf\">Beji Nadaoka ICCE 98<\/a><\/li>\n<li>Spectral modelling of nonlinear wave shoaling and breaking over arbitrary depths\u00a0<a href=\"http:\/\/eng.serdarbeji.com\/wp-content\/uploads\/2015\/07\/Beji-Nadaoka-Coastal-Dyn-97.pdf\">Beji Nadaoka Coastal Dyn 97<\/a><\/li>\n<li>Spectral modelling of unidirectional nonlinear wave propagation over arbitrary depths\u00a0<a href=\"http:\/\/eng.serdarbeji.com\/wp-content\/uploads\/2015\/07\/Beji-Nadaoka-ISOPE-97.pdf\">Beji Nadaoka ISOPE 97<\/a><\/li>\n<li>Nonlinear refraction-diffraction of surface waves over arbitrary depths <a href=\"http:\/\/eng.serdarbeji.com\/wp-content\/uploads\/2014\/09\/Beji-Nadaoka-ICCE-96.pdf\">Beji Nadaoka ICCE 96<\/a><\/li>\n<li>Spectral modelling of nonlinear waves on arbitrary water depth based on a new wave equation (in Japanese)\u00a0<a href=\"http:\/\/eng.serdarbeji.com\/wp-content\/uploads\/2015\/07\/Beji-Nadaoka-JSCE-96.pdf\">Beji Nadaoka JSCE 96<\/a><\/li>\n<li>An open boundary treatment for simulation of nonlinear wave propagation (in Japanese)\u00a0<a href=\"http:\/\/eng.serdarbeji.com\/wp-content\/uploads\/2015\/07\/Kiyokawa-Nadaoka-Beji-JSCE-96.pdf\">Kiyokawa Nadaoka Beji JSCE 96<\/a><\/li>\n<li>Directional wave simulations by a time-dependent nonlinear mild-slope equation\u00a0<a href=\"http:\/\/eng.serdarbeji.com\/wp-content\/uploads\/2015\/07\/Beji-Nadaoka-MEDCOAST-95.pdf\">Beji Nadaoka MEDCOAST 95<\/a><\/li>\n<li>Directional wave simulations by a new nonlinear-dispersive wave equation (in Japanese)\u00a0<a href=\"http:\/\/eng.serdarbeji.com\/wp-content\/uploads\/2015\/07\/Beji-Nadaoka-JSCE-95.pdf\">Beji Nadaoka JSCE 95<\/a><\/li>\n<li>A fully dispersive nonlinear wave model and its numerical solutions <a href=\"http:\/\/eng.serdarbeji.com\/wp-content\/uploads\/2014\/09\/Nadaoka-Beji-Nakagawa-ICCE-94.pdf\">Nadaoka Beji Nakagawa ICCE 94<\/a><\/li>\n<li>Numerical simulation of nonlinear directional waves by an improved Boussinesq model\u00a0<a href=\"http:\/\/eng.serdarbeji.com\/wp-content\/uploads\/2015\/07\/Beji-Nadaoka-Waves-Phys-Num-Mod-94.pdf\">Beji Nadaoka Waves Phys Num Mod 94<\/a><\/li>\n<li>Development of a fully-dispersive nonlinear wave model and its experimental verification (in Japanese)\u00a0<a href=\"http:\/\/eng.serdarbeji.com\/wp-content\/uploads\/2015\/07\/Nadaoka-Beji-Ono-JSCE-94.pdf\">Nadaoka Beji Ono JSCE 94<\/a><\/li>\n<li>Transformation of non-breaking waves over a bar\u00a0<a href=\"http:\/\/eng.serdarbeji.com\/wp-content\/uploads\/2015\/07\/Beji-Ohyama-Battjes-Nadaoka-ICCE-92.pdf\">Beji Ohyama Battjes Nadaoka ICCE 92<\/a><\/li>\n<li>Breaking waves propagating over a shoal\u00a0<a href=\"http:\/\/eng.serdarbeji.com\/wp-content\/uploads\/2015\/07\/Battjes-Beji-ICCE-92.pdf\">Battjes Beji ICCE 92<\/a><\/li>\n<li>Spectral evolution in waves traveling over a shoal <a href=\"http:\/\/eng.serdarbeji.com\/wp-content\/uploads\/2015\/07\/Battjes-Beji-Proc-NWWW-91.pdf\">Battjes Beji Proc NWWW 91<\/a><\/li>\n<\/ol>\n","protected":false},"excerpt":{"rendered":"<p>International Conference Proceedings Development and testing of a new body mass index Beji Beji Mutlu TPJR 25 Wave and current forces on objects in water (K\u0131y\u0131 M\u00fchendisli\u011fi Webinar Series 2021 Presentation) Beji KMWS 21 Applications of a generalized Kadomtsev-Petviashvili type&#8230; <a class=\"more-link\" href=\"http:\/\/eng.serdarbeji.com\/?page_id=223\">Continue Reading &rarr;<\/a><\/p>\n","protected":false},"author":1,"featured_media":0,"parent":0,"menu_order":0,"comment_status":"open","ping_status":"open","template":"","meta":{"footnotes":""},"class_list":["post-223","page","type-page","status-publish","hentry"],"_links":{"self":[{"href":"http:\/\/eng.serdarbeji.com\/index.php?rest_route=\/wp\/v2\/pages\/223","targetHints":{"allow":["GET"]}}],"collection":[{"href":"http:\/\/eng.serdarbeji.com\/index.php?rest_route=\/wp\/v2\/pages"}],"about":[{"href":"http:\/\/eng.serdarbeji.com\/index.php?rest_route=\/wp\/v2\/types\/page"}],"author":[{"embeddable":true,"href":"http:\/\/eng.serdarbeji.com\/index.php?rest_route=\/wp\/v2\/users\/1"}],"replies":[{"embeddable":true,"href":"http:\/\/eng.serdarbeji.com\/index.php?rest_route=%2Fwp%2Fv2%2Fcomments&post=223"}],"version-history":[{"count":23,"href":"http:\/\/eng.serdarbeji.com\/index.php?rest_route=\/wp\/v2\/pages\/223\/revisions"}],"predecessor-version":[{"id":477,"href":"http:\/\/eng.serdarbeji.com\/index.php?rest_route=\/wp\/v2\/pages\/223\/revisions\/477"}],"wp:attachment":[{"href":"http:\/\/eng.serdarbeji.com\/index.php?rest_route=%2Fwp%2Fv2%2Fmedia&parent=223"}],"curies":[{"name":"wp","href":"https:\/\/api.w.org\/{rel}","templated":true}]}}